{"id":600,"date":"2024-04-25T09:42:44","date_gmt":"2024-04-25T09:42:44","guid":{"rendered":"https:\/\/acupunctuurrikthewis.be\/?page_id=600"},"modified":"2024-07-29T12:44:46","modified_gmt":"2024-07-29T12:44:46","slug":"therapieen","status":"publish","type":"page","link":"https:\/\/acupunctuurrikthewis.be\/?page_id=600","title":{"rendered":"Therapie\u00ebn"},"content":{"rendered":"\t\t<div data-elementor-type=\"wp-page\" data-elementor-id=\"600\" class=\"elementor elementor-600\">\n\t\t\t\t\t\t<section class=\"elementor-section elementor-top-section elementor-element elementor-element-49b95db elementor-section-stretched elementor-section-boxed elementor-section-height-default elementor-section-height-default\" data-id=\"49b95db\" data-element_type=\"section\" data-settings=\"{&quot;stretch_section&quot;:&quot;section-stretched&quot;,&quot;background_background&quot;:&quot;classic&quot;}\">\n\t\t\t\t\t\t\t<div class=\"elementor-background-overlay\"><\/div>\n\t\t\t\t\t\t\t<div class=\"elementor-container elementor-column-gap-default\">\n\t\t\t\t\t<div class=\"elementor-column elementor-col-100 elementor-top-column elementor-element elementor-element-4b6f04a\" data-id=\"4b6f04a\" data-element_type=\"column\">\n\t\t\t<div class=\"elementor-widget-wrap elementor-element-populated\">\n\t\t\t\t\t\t<div class=\"elementor-element elementor-element-c827be3 tx-hd-align-center elementor-widget elementor-widget-avas-heading\" data-id=\"c827be3\" data-element_type=\"widget\" data-widget_type=\"avas-heading.default\">\n\t\t\t\t<div class=\"elementor-widget-container\">\n\t\t\t\t\t        <div class=\"tx-hd-wrap\">\n\n            <div class=\"tx-hd-wm\">THERAPIE\u00cbN<\/div>\n\n            \n            <div class=\"tx-hd-sub\"><\/div>\n                        <h2 class=\"tx-hd-title\">\n                <span class=\"tx-hd-first-part\">Therapie\u00ebn<\/span>\n                <span class=\"tx-hd-last-part\"><\/span>\n            <\/h2>    \n            \n            <div class=\"tx-hd-desc\"><\/div>\n\n\n                   \n        <\/div><!-- tx-hd-wrap -->\n\n\n\n\n\n\n\n\n\t\t\t\t<\/div>\n\t\t\t\t<\/div>\n\t\t\t\t\t<\/div>\n\t\t<\/div>\n\t\t\t\t\t<\/div>\n\t\t<\/section>\n\t\t\t\t<section class=\"elementor-section elementor-top-section elementor-element elementor-element-e68618d elementor-section-stretched elementor-section-full_width elementor-section-height-default elementor-section-height-default\" data-id=\"e68618d\" data-element_type=\"section\" data-settings=\"{&quot;stretch_section&quot;:&quot;section-stretched&quot;,&quot;background_background&quot;:&quot;classic&quot;}\">\n\t\t\t\t\t\t<div class=\"elementor-container elementor-column-gap-no\">\n\t\t\t\t\t<div class=\"elementor-column elementor-col-100 elementor-top-column elementor-element elementor-element-f6417f9\" data-id=\"f6417f9\" data-element_type=\"column\" data-settings=\"{&quot;background_background&quot;:&quot;classic&quot;}\">\n\t\t\t<div class=\"elementor-widget-wrap elementor-element-populated\">\n\t\t\t\t\t\t<div class=\"elementor-element elementor-element-c2dfa75 tx-hd-align-center elementor-widget elementor-widget-avas-heading\" data-id=\"c2dfa75\" data-element_type=\"widget\" data-widget_type=\"avas-heading.default\">\n\t\t\t\t<div class=\"elementor-widget-container\">\n\t\t\t\t\t        <div class=\"tx-hd-wrap\">\n\n            <div class=\"tx-hd-wm\"><\/div>\n\n            \n            <div class=\"tx-hd-sub\">RIK THEWIS ACUPUNCTUUR<\/div>\n                        <h2 class=\"tx-hd-title\">\n                <span class=\"tx-hd-first-part\">Therapie\u00ebn &amp; behandelingen<\/span>\n                <span class=\"tx-hd-last-part\"><\/span>\n            <\/h2>    \n            \n            <div class=\"tx-hd-desc\"><p>Hoewel acupunctuur door het grote publiek nog steeds wordt gezien als een techniek om pijn te verlichten, is het veel meer dan dat. Elk symptoom heeft een onderliggende oorzaak, hier wordt naar gezocht om te komen tot een blijvende oplossing.<\/p><p>Elke behandeling begint dan ook met een onderzoek. Zonder onderzoek is het slechts gissen naar de oorzaak. Er wordt hierbij ook steeds naar de volledige mens gekeken. Want elke verbinding is van belang.<\/p><p>Aan de hand van alle vergaarde informatie stel ik een behandelplan samen dat bestaat uit het brede spectrum van Oosterse en Westerse behandelprincipes. Zo wordt het beste resultaat bereikt.<\/p><\/div>\n\n\n                   \n        <\/div><!-- tx-hd-wrap -->\n\n\n\n\n\n\n\n\n\t\t\t\t<\/div>\n\t\t\t\t<\/div>\n\t\t\t\t\t<\/div>\n\t\t<\/div>\n\t\t\t\t\t<\/div>\n\t\t<\/section>\n\t\t<div class=\"elementor-element elementor-element-c8ea647 e-flex e-con-boxed e-con e-parent\" data-id=\"c8ea647\" data-element_type=\"container\">\n\t\t\t\t\t<div class=\"e-con-inner\">\n\t\t<div class=\"elementor-element elementor-element-de6fd10 e-con-full e-flex e-con e-child\" data-id=\"de6fd10\" data-element_type=\"container\">\n\t\t\t\t<div class=\"elementor-element elementor-element-404af95 elementor-widget elementor-widget-avas-flip-box\" data-id=\"404af95\" data-element_type=\"widget\" data-widget_type=\"avas-flip-box.default\">\n\t\t\t\t<div class=\"elementor-widget-container\">\n\t\t\t\t\t    <div class=\"tx-flip-box-wrapper tx-flip-box-flip-zoom-in\">\n      <div class=\"tx-flip-box-container\">\n\n        <!-- FRONT -->\n        <div class=\"tx-flip-box-front-wrap\">\n          <div class=\"tx-flip-box-content\">\n            <div class=\"tx-flip-box-image\">\n              <svg aria-hidden=\"true\" class=\"e-font-icon-svg e-far-dot-circle\" viewBox=\"0 0 512 512\" xmlns=\"http:\/\/www.w3.org\/2000\/svg\"><path d=\"M256 56c110.532 0 200 89.451 200 200 0 110.532-89.451 200-200 200-110.532 0-200-89.451-200-200 0-110.532 89.451-200 200-200m0-48C119.033 8 8 119.033 8 256s111.033 248 248 248 248-111.033 248-248S392.967 8 256 8zm0 168c-44.183 0-80 35.817-80 80s35.817 80 80 80 80-35.817 80-80-35.817-80-80-80z\"><\/path><\/svg>            <\/div>\n            <h3 class=\"tx-flip-box-title\">Acupunctuur<\/h3>\n            <div class=\"tx-flip-box-desc\"><\/div>\n          <\/div>\n        <\/div>\n\n        <!-- BACK -->\n        <div class=\"tx-flip-box-back-wrap\">\n          <div class=\"tx-flip-box-content\">\n            \n                          <h3 class=\"tx-flip-box-title\"><\/h3>\n            \n            <div class=\"tx-flip-box-desc\"><p>De term acupunctuur is afgeleid van de Latijnse woorden acus (naald) en punctura (steek). \u00a0Het doel is een therapeutisch effect te bekomen door stimulatie van specifieke punten op het menselijk lichaam met behulp van steriele naalden.<\/p><p>De acupunctuur heeft zich doorheen de geschiedenis ontwikkeld in verschillende stijlen. \u00a0Ik ben onderlegd in de Oosterse varianten van de traditionele Chinese gezondheidsleer (TCM) en de balanstherapie volgens dr. Tan maar ook in de moderne dry-needling en orthopedische acupunctuur, die aanleunen bij de Westerse manier van denken.<\/p><\/div>\n          <\/div>\n        <\/div>\n\n      <\/div>\n    <\/div>\n    \t\t\t\t<\/div>\n\t\t\t\t<\/div>\n\t\t\t\t<div class=\"elementor-element elementor-element-ed505d9 elementor-widget elementor-widget-avas-flip-box\" data-id=\"ed505d9\" data-element_type=\"widget\" data-widget_type=\"avas-flip-box.default\">\n\t\t\t\t<div class=\"elementor-widget-container\">\n\t\t\t\t\t    <div class=\"tx-flip-box-wrapper tx-flip-box-flip-zoom-in\">\n      <div class=\"tx-flip-box-container\">\n\n        <!-- FRONT -->\n        <div class=\"tx-flip-box-front-wrap\">\n          <div class=\"tx-flip-box-content\">\n            <div class=\"tx-flip-box-image\">\n              <svg aria-hidden=\"true\" class=\"e-font-icon-svg e-far-dot-circle\" viewBox=\"0 0 512 512\" xmlns=\"http:\/\/www.w3.org\/2000\/svg\"><path d=\"M256 56c110.532 0 200 89.451 200 200 0 110.532-89.451 200-200 200-110.532 0-200-89.451-200-200 0-110.532 89.451-200 200-200m0-48C119.033 8 8 119.033 8 256s111.033 248 248 248 248-111.033 248-248S392.967 8 256 8zm0 168c-44.183 0-80 35.817-80 80s35.817 80 80 80 80-35.817 80-80-35.817-80-80-80z\"><\/path><\/svg>            <\/div>\n            <h3 class=\"tx-flip-box-title\">Cupping<\/h3>\n            <div class=\"tx-flip-box-desc\"><\/div>\n          <\/div>\n        <\/div>\n\n        <!-- BACK -->\n        <div class=\"tx-flip-box-back-wrap\">\n          <div class=\"tx-flip-box-content\">\n            \n                          <h3 class=\"tx-flip-box-title\"><\/h3>\n            \n            <div class=\"tx-flip-box-desc\"><p>Bij deze techniek wordt een vacu\u00fcm gecre\u00eberd op de huid met behulp van glazen of plastic kopjes. Door het plaatsen van de kopjes op specifieke punten op het lichaam en vervolgens de lucht eruit te zuigen, ontstaat er een zachte zuigkracht die de huid omhoog trekt. Dit cre\u00ebert ruimte tussen de verschillende lagen van weefsel, waardoor de doorbloeding wordt verbeterd en de circulatie van energie gestimuleerd wordt. De effecten van cupping zijn vergelijkbaar met die van gua sha.<\/p><\/div>\n          <\/div>\n        <\/div>\n\n      <\/div>\n    <\/div>\n    \t\t\t\t<\/div>\n\t\t\t\t<\/div>\n\t\t\t\t<div class=\"elementor-element elementor-element-e930c28 elementor-widget elementor-widget-avas-flip-box\" data-id=\"e930c28\" data-element_type=\"widget\" data-widget_type=\"avas-flip-box.default\">\n\t\t\t\t<div class=\"elementor-widget-container\">\n\t\t\t\t\t    <div class=\"tx-flip-box-wrapper tx-flip-box-flip-zoom-in\">\n      <div class=\"tx-flip-box-container\">\n\n        <!-- FRONT -->\n        <div class=\"tx-flip-box-front-wrap\">\n          <div class=\"tx-flip-box-content\">\n            <div class=\"tx-flip-box-image\">\n              <svg aria-hidden=\"true\" class=\"e-font-icon-svg e-far-dot-circle\" viewBox=\"0 0 512 512\" xmlns=\"http:\/\/www.w3.org\/2000\/svg\"><path d=\"M256 56c110.532 0 200 89.451 200 200 0 110.532-89.451 200-200 200-110.532 0-200-89.451-200-200 0-110.532 89.451-200 200-200m0-48C119.033 8 8 119.033 8 256s111.033 248 248 248 248-111.033 248-248S392.967 8 256 8zm0 168c-44.183 0-80 35.817-80 80s35.817 80 80 80 80-35.817 80-80-35.817-80-80-80z\"><\/path><\/svg>            <\/div>\n            <h3 class=\"tx-flip-box-title\">Moxa<\/h3>\n            <div class=\"tx-flip-box-desc\"><\/div>\n          <\/div>\n        <\/div>\n\n        <!-- BACK -->\n        <div class=\"tx-flip-box-back-wrap\">\n          <div class=\"tx-flip-box-content\">\n            \n                          <h3 class=\"tx-flip-box-title\"><\/h3>\n            \n            <div class=\"tx-flip-box-desc\"><p>Bij deze techniek, bekend als &#8220;moxibustie&#8221;, wordt gedroogd bijvoetkruid of Artemisia vulgaris gebruikt om warmte te genereren en deze vervolgens toe te passen op de naalden of direct op de huid. Het kruid wordt aangestoken en gebruikt om de specifieke acupunctuurpunten te verwarmen, wat een diepgaande en helende warmte produceert. Via het metaal van de naald kan de warmte tot diep in het lichaam worden geleid.<\/p><\/div>\n          <\/div>\n        <\/div>\n\n      <\/div>\n    <\/div>\n    \t\t\t\t<\/div>\n\t\t\t\t<\/div>\n\t\t\t\t<div class=\"elementor-element elementor-element-bc1d264 elementor-widget elementor-widget-avas-flip-box\" data-id=\"bc1d264\" data-element_type=\"widget\" data-widget_type=\"avas-flip-box.default\">\n\t\t\t\t<div class=\"elementor-widget-container\">\n\t\t\t\t\t    <div class=\"tx-flip-box-wrapper tx-flip-box-flip-zoom-in\">\n      <div class=\"tx-flip-box-container\">\n\n        <!-- FRONT -->\n        <div class=\"tx-flip-box-front-wrap\">\n          <div class=\"tx-flip-box-content\">\n            <div class=\"tx-flip-box-image\">\n              <svg aria-hidden=\"true\" class=\"e-font-icon-svg e-far-dot-circle\" viewBox=\"0 0 512 512\" xmlns=\"http:\/\/www.w3.org\/2000\/svg\"><path d=\"M256 56c110.532 0 200 89.451 200 200 0 110.532-89.451 200-200 200-110.532 0-200-89.451-200-200 0-110.532 89.451-200 200-200m0-48C119.033 8 8 119.033 8 256s111.033 248 248 248 248-111.033 248-248S392.967 8 256 8zm0 168c-44.183 0-80 35.817-80 80s35.817 80 80 80 80-35.817 80-80-35.817-80-80-80z\"><\/path><\/svg>            <\/div>\n            <h3 class=\"tx-flip-box-title\">Fytotherapie<\/h3>\n            <div class=\"tx-flip-box-desc\"><\/div>\n          <\/div>\n        <\/div>\n\n        <!-- BACK -->\n        <div class=\"tx-flip-box-back-wrap\">\n          <div class=\"tx-flip-box-content\">\n            \n                          <h3 class=\"tx-flip-box-title\"><\/h3>\n            \n            <div class=\"tx-flip-box-desc\"><p>Deze natuurlijke supplementen kunnen op zich of als aanvulling bij de voeding bijdragen tot een snel herstel. \u00a0Een Chinese kruidenformule is opgebouwd uit een aantal kruiden die op een synergetische manier samenwerken.<\/p><p>Een formule wordt steeds aangepast aan de specifieke toestand en symptomen van het individu.<\/p><\/div>\n          <\/div>\n        <\/div>\n\n      <\/div>\n    <\/div>\n    \t\t\t\t<\/div>\n\t\t\t\t<\/div>\n\t\t\t\t<\/div>\n\t\t<div class=\"elementor-element elementor-element-d9eae76 e-con-full e-flex e-con e-child\" data-id=\"d9eae76\" data-element_type=\"container\">\n\t\t\t\t<div class=\"elementor-element elementor-element-1828482 elementor-widget elementor-widget-avas-flip-box\" data-id=\"1828482\" data-element_type=\"widget\" data-widget_type=\"avas-flip-box.default\">\n\t\t\t\t<div class=\"elementor-widget-container\">\n\t\t\t\t\t    <div class=\"tx-flip-box-wrapper tx-flip-box-flip-zoom-in\">\n      <div class=\"tx-flip-box-container\">\n\n        <!-- FRONT -->\n        <div class=\"tx-flip-box-front-wrap\">\n          <div class=\"tx-flip-box-content\">\n            <div class=\"tx-flip-box-image\">\n              <svg aria-hidden=\"true\" class=\"e-font-icon-svg e-far-dot-circle\" viewBox=\"0 0 512 512\" xmlns=\"http:\/\/www.w3.org\/2000\/svg\"><path d=\"M256 56c110.532 0 200 89.451 200 200 0 110.532-89.451 200-200 200-110.532 0-200-89.451-200-200 0-110.532 89.451-200 200-200m0-48C119.033 8 8 119.033 8 256s111.033 248 248 248 248-111.033 248-248S392.967 8 256 8zm0 168c-44.183 0-80 35.817-80 80s35.817 80 80 80 80-35.817 80-80-35.817-80-80-80z\"><\/path><\/svg>            <\/div>\n            <h3 class=\"tx-flip-box-title\">Sportacupunctuur<\/h3>\n            <div class=\"tx-flip-box-desc\"><\/div>\n          <\/div>\n        <\/div>\n\n        <!-- BACK -->\n        <div class=\"tx-flip-box-back-wrap\">\n          <div class=\"tx-flip-box-content\">\n            \n                          <h3 class=\"tx-flip-box-title\"><\/h3>\n            \n            <div class=\"tx-flip-box-desc\"><p>Sportacupunctuur is ontwikkeld op basis van de neurologie, fysiologie en functie van de spieren, pezen en gewrichten. \u00a0De eerste stap in de behandeling is de bepaling van de betrokken musculatuur. \u00a0Eens deze analyse gemaakt is, kunnen de punten gezocht worden waar de zenuw contact maakt met deze spieren, motor-points genaamd. \u00a0Als dit motor-punt gestimuleerd wordt door een acupunctuurnaald met een elektrische impuls wordt een contractie- en relaxatiefase gecre\u00eberd die de verkrampte vezels in de spier losmaakt. \u00a0Verlichting van pijn en een verbetering van contractie en mobiliteit is vaak onmiddellijk merkbaar.<\/p><\/div>\n          <\/div>\n        <\/div>\n\n      <\/div>\n    <\/div>\n    \t\t\t\t<\/div>\n\t\t\t\t<\/div>\n\t\t\t\t<div class=\"elementor-element elementor-element-eb218de elementor-widget elementor-widget-avas-flip-box\" data-id=\"eb218de\" data-element_type=\"widget\" data-widget_type=\"avas-flip-box.default\">\n\t\t\t\t<div class=\"elementor-widget-container\">\n\t\t\t\t\t    <div class=\"tx-flip-box-wrapper tx-flip-box-flip-zoom-in\">\n      <div class=\"tx-flip-box-container\">\n\n        <!-- FRONT -->\n        <div class=\"tx-flip-box-front-wrap\">\n          <div class=\"tx-flip-box-content\">\n            <div class=\"tx-flip-box-image\">\n              <svg aria-hidden=\"true\" class=\"e-font-icon-svg e-far-dot-circle\" viewBox=\"0 0 512 512\" xmlns=\"http:\/\/www.w3.org\/2000\/svg\"><path d=\"M256 56c110.532 0 200 89.451 200 200 0 110.532-89.451 200-200 200-110.532 0-200-89.451-200-200 0-110.532 89.451-200 200-200m0-48C119.033 8 8 119.033 8 256s111.033 248 248 248 248-111.033 248-248S392.967 8 256 8zm0 168c-44.183 0-80 35.817-80 80s35.817 80 80 80 80-35.817 80-80-35.817-80-80-80z\"><\/path><\/svg>            <\/div>\n            <h3 class=\"tx-flip-box-title\">Gua Sha<\/h3>\n            <div class=\"tx-flip-box-desc\"><\/div>\n          <\/div>\n        <\/div>\n\n        <!-- BACK -->\n        <div class=\"tx-flip-box-back-wrap\">\n          <div class=\"tx-flip-box-content\">\n            \n                          <h3 class=\"tx-flip-box-title\"><\/h3>\n            \n            <div class=\"tx-flip-box-desc\"><p>Gua Sha bestaat uit het schrapen van de huid met een gepolijste jadesteen. \u00a0Er zijn drie theorien die het effect van de gua sha kunnen verklaren: (1) stimulatie van de locale microcirculatie, (2) stimulatie van neurotransmitters en (3) het directe effect op pijnreceptoren, hun omgeving en de directe verbindingen met het ruggemerg.<\/p><\/div>\n          <\/div>\n        <\/div>\n\n      <\/div>\n    <\/div>\n    \t\t\t\t<\/div>\n\t\t\t\t<\/div>\n\t\t\t\t<div class=\"elementor-element elementor-element-30c4444 elementor-widget elementor-widget-avas-flip-box\" data-id=\"30c4444\" data-element_type=\"widget\" data-widget_type=\"avas-flip-box.default\">\n\t\t\t\t<div class=\"elementor-widget-container\">\n\t\t\t\t\t    <div class=\"tx-flip-box-wrapper tx-flip-box-flip-zoom-in\">\n      <div class=\"tx-flip-box-container\">\n\n        <!-- FRONT -->\n        <div class=\"tx-flip-box-front-wrap\">\n          <div class=\"tx-flip-box-content\">\n            <div class=\"tx-flip-box-image\">\n              <svg aria-hidden=\"true\" class=\"e-font-icon-svg e-far-dot-circle\" viewBox=\"0 0 512 512\" xmlns=\"http:\/\/www.w3.org\/2000\/svg\"><path d=\"M256 56c110.532 0 200 89.451 200 200 0 110.532-89.451 200-200 200-110.532 0-200-89.451-200-200 0-110.532 89.451-200 200-200m0-48C119.033 8 8 119.033 8 256s111.033 248 248 248 248-111.033 248-248S392.967 8 256 8zm0 168c-44.183 0-80 35.817-80 80s35.817 80 80 80 80-35.817 80-80-35.817-80-80-80z\"><\/path><\/svg>            <\/div>\n            <h3 class=\"tx-flip-box-title\">Voedingsadvies<\/h3>\n            <div class=\"tx-flip-box-desc\"><\/div>\n          <\/div>\n        <\/div>\n\n        <!-- BACK -->\n        <div class=\"tx-flip-box-back-wrap\">\n          <div class=\"tx-flip-box-content\">\n            \n                          <h3 class=\"tx-flip-box-title\"><\/h3>\n            \n            <div class=\"tx-flip-box-desc\"><p>Wat en hoe we eten heeft uiteraard invloed op onze gezondheid. \u00a0Het is niet makkelijk om tussen alle theorie\u00ebn en mode-di\u00ebten uit te maken welke soort voeding het gezondst is. De Chinese voedingsleer gaat uit van het belang van het energetische evenwicht in het lichaam. Een uitgebalanceerd voedingspatroon is zeer belangrijk voor het ondersteunen of ontlasten van bepaalde organen. Met kleine aanpassingen in de dagelijkse voeding kan er actief aan het genezingsproces meegewerkt worden.<\/p><\/div>\n          <\/div>\n        <\/div>\n\n      <\/div>\n    <\/div>\n    \t\t\t\t<\/div>\n\t\t\t\t<\/div>\n\t\t\t\t<\/div>\n\t\t\t\t\t<\/div>\n\t\t\t\t<\/div>\n\t\t<div class=\"elementor-element elementor-element-e288ae7 e-flex e-con-boxed e-con e-parent\" data-id=\"e288ae7\" data-element_type=\"container\">\n\t\t\t\t\t<div class=\"e-con-inner\">\n\t\t\t\t\t<\/div>\n\t\t\t\t<\/div>\n\t\t\t\t<section class=\"elementor-section elementor-top-section elementor-element elementor-element-8cf89f7 elementor-section-stretched elementor-section-boxed elementor-section-height-default elementor-section-height-default\" data-id=\"8cf89f7\" data-element_type=\"section\" data-settings=\"{&quot;stretch_section&quot;:&quot;section-stretched&quot;,&quot;background_background&quot;:&quot;classic&quot;}\">\n\t\t\t\t\t\t\t<div class=\"elementor-background-overlay\"><\/div>\n\t\t\t\t\t\t\t<div class=\"elementor-container elementor-column-gap-default\">\n\t\t\t\t\t<div class=\"elementor-column elementor-col-50 elementor-top-column elementor-element elementor-element-75552f4\" data-id=\"75552f4\" data-element_type=\"column\">\n\t\t\t<div class=\"elementor-widget-wrap elementor-element-populated\">\n\t\t\t\t\t\t<div class=\"elementor-element elementor-element-368b7c1 elementor-widget elementor-widget-text-editor\" data-id=\"368b7c1\" data-element_type=\"widget\" data-widget_type=\"text-editor.default\">\n\t\t\t\t<div class=\"elementor-widget-container\">\n\t\t\t\t\t\t\t\t\t<p>Nieuwsgierig geworden naar het aanpakken van je symptomen en het volgen van therapie? Ik nodig je van harte uit om contact met mij op te nemen. Samen kunnen we aan de slag gaan om de juiste behandeling te vinden die aansluit bij jouw specifieke behoeften en symptomen.<\/p>\t\t\t\t\t\t\t\t<\/div>\n\t\t\t\t<\/div>\n\t\t\t\t\t<\/div>\n\t\t<\/div>\n\t\t\t\t<div class=\"elementor-column elementor-col-50 elementor-top-column elementor-element elementor-element-c3f45e0\" data-id=\"c3f45e0\" data-element_type=\"column\">\n\t\t\t<div class=\"elementor-widget-wrap elementor-element-populated\">\n\t\t\t\t\t\t<div class=\"elementor-element elementor-element-bac899e elementor-widget elementor-widget-heading\" data-id=\"bac899e\" data-element_type=\"widget\" data-widget_type=\"heading.default\">\n\t\t\t\t<div class=\"elementor-widget-container\">\n\t\t\t\t\t<h2 class=\"elementor-heading-title elementor-size-default\">Contact<\/h2>\t\t\t\t<\/div>\n\t\t\t\t<\/div>\n\t\t\t\t<div class=\"elementor-element elementor-element-05d21af elementor-widget elementor-widget-button\" data-id=\"05d21af\" data-element_type=\"widget\" data-widget_type=\"button.default\">\n\t\t\t\t<div class=\"elementor-widget-container\">\n\t\t\t\t\t\t\t\t\t<div class=\"elementor-button-wrapper\">\n\t\t\t\t\t<a class=\"elementor-button elementor-button-link elementor-size-sm\" href=\"https:\/\/acupunctuurrikthewis.be\/?page_id=21\">\n\t\t\t\t\t\t<span class=\"elementor-button-content-wrapper\">\n\t\t\t\t\t\t\t\t\t<span class=\"elementor-button-text\">Klik hier<\/span>\n\t\t\t\t\t<\/span>\n\t\t\t\t\t<\/a>\n\t\t\t\t<\/div>\n\t\t\t\t\t\t\t\t<\/div>\n\t\t\t\t<\/div>\n\t\t\t\t\t<\/div>\n\t\t<\/div>\n\t\t\t\t\t<\/div>\n\t\t<\/section>\n\t\t\t\t<\/div>\n\t\t","protected":false},"excerpt":{"rendered":"<p class=\"tx-excerpt\">THERAPIE\u00cbN Therapie\u00ebn RIK THEWIS ACUPUNCTUUR Therapie\u00ebn &amp; behandelingen Hoewel acupunctuur door het grote publiek nog steeds wordt gezien als een techniek om pijn te verlichten, is het veel meer dan dat. Elk symptoom heeft een...<\/p>","protected":false},"author":1,"featured_media":0,"parent":0,"menu_order":0,"comment_status":"closed","ping_status":"closed","template":"templates\/blank.php","meta":{"footnotes":""},"class_list":["post-600","page","type-page","status-publish","hentry"],"_links":{"self":[{"href":"https:\/\/acupunctuurrikthewis.be\/index.php?rest_route=\/wp\/v2\/pages\/600","targetHints":{"allow":["GET"]}}],"collection":[{"href":"https:\/\/acupunctuurrikthewis.be\/index.php?rest_route=\/wp\/v2\/pages"}],"about":[{"href":"https:\/\/acupunctuurrikthewis.be\/index.php?rest_route=\/wp\/v2\/types\/page"}],"author":[{"embeddable":true,"href":"https:\/\/acupunctuurrikthewis.be\/index.php?rest_route=\/wp\/v2\/users\/1"}],"replies":[{"embeddable":true,"href":"https:\/\/acupunctuurrikthewis.be\/index.php?rest_route=%2Fwp%2Fv2%2Fcomments&post=600"}],"version-history":[{"count":23,"href":"https:\/\/acupunctuurrikthewis.be\/index.php?rest_route=\/wp\/v2\/pages\/600\/revisions"}],"predecessor-version":[{"id":709,"href":"https:\/\/acupunctuurrikthewis.be\/index.php?rest_route=\/wp\/v2\/pages\/600\/revisions\/709"}],"wp:attachment":[{"href":"https:\/\/acupunctuurrikthewis.be\/index.php?rest_route=%2Fwp%2Fv2%2Fmedia&parent=600"}],"curies":[{"name":"wp","href":"https:\/\/api.w.org\/{rel}","templated":true}]}}